{"id":10,"date":"2012-11-20T16:38:44","date_gmt":"2012-11-20T16:38:44","guid":{"rendered":"http:\/\/www.nhf.gl\/?page_id=10"},"modified":"2021-02-19T15:32:36","modified_gmt":"2021-02-19T15:32:36","slug":"vedtaegter","status":"publish","type":"page","link":"https:\/\/www.nhf.gl\/?page_id=10","title":{"rendered":"Vedt\u00e6gter"},"content":{"rendered":"<ul>\n<li><strong> 1 Navn og hjemsted <\/strong><\/li>\n<\/ul>\n<p><strong><br \/>\nStk. 1<\/strong><\/p>\n<p>Foreningens navn er NUUK HANDELSSTANDSFORENING. Foreningens hjemsted er Kommuneqarfik Sermersooq, Gr\u00f8nland.<\/p>\n<p>&nbsp;<\/p>\n<ul>\n<li><strong> 2 Form\u00e5l <\/strong><\/li>\n<\/ul>\n<p><strong><br \/>\nStk. 1.<br \/>\n<\/strong>Foreningens form\u00e5l er at styrke alle handlende\/virksomheder i Kommuneqarfik Sermersooq samt at varetage alle deres f\u00e6lles interesser. Inden for foreningens form\u00e5l falder i s\u00e6rlig grad varetagelsen af medlemmernes interesser og forhold til:<\/p>\n<p>\u00b7 Kommuneqarfik Sermersooq og dennes myndigheder og organisationer.<br \/>\n\u00b7 Virksomheder, der har ber\u00f8ring med eller betydning for foreningens medlemmer<\/p>\n<p>Foreningen skal virke for gennem m\u00f8der, foredrag m.v. at medvirke til, at medlemmerne kan v\u00e6re ajour med de nyeste udviklingstendenser, der til enhver tid vil have medlemmernes interesse.<\/p>\n<p><strong>\u00a7 3 Medlemskab<\/strong><\/p>\n<p><strong>Stk. 1. <\/strong><\/p>\n<p>I foreningen kan optages enhver erhvervs- og servicevirksomhed, der har l\u00f8st n\u00e6ringsbrev og\/eller driver selvst\u00e6ndig forretning\/virksomhed i Kommuneqarfik Sermersooq.<\/p>\n<p><strong>Stk. 2.<\/strong> Optagelse kan n\u00e6gtes, n\u00e5r s\u00e6rlig grunde taler herfor og 2\/3 af bestyrelsens medlemmer stemmer for at afvise indmeldelsen. N\u00e6gtelsen skal dog, s\u00e5fremt den optagelsess\u00f8gende \u00f8nsker det, efterpr\u00f8ves af f\u00f8rstkommende ordin\u00e6r generalforsamling. Generalforsamlingens beslutning om optagelse tr\u00e6ffes ved almindelig stemmeflerhed.<\/p>\n<p><strong>Stk. 3.<\/strong> Medlemskab kan tegnes af enkelmandsfirma, I\/S, ApS eller selskab. Hvis selskabet har flere forretningsadresser i Kommuneqarfik Sermersooq, har selskabet\/medlemmet kun \u00e9n stemme pr. tilmeldt forretning\/virksomhed ved afstemning i foreningens forsamlinger.<\/p>\n<p><strong>Stk. 4. <\/strong>Indmeldelse sker ved skriftlig henvendelse til foreningens bestyrelse.<\/p>\n<p><strong>Stk. 5.<\/strong> Medlemmer, der udmelder sig af foreningen uden samtidig at afst\u00e5 deres forretning\/virksomhed, kan af kollegiale grunde ikke genoptages f\u00f8r tre \u00e5r er forl\u00f8bet efter udmeldelsen.Hvor ganske s\u00e6rlige forhold taler derfor, kan bestyrelsen dog tillade genoptagelse indenfor tre \u00e5rs perioden.<\/p>\n<p><strong>\u00a7 4 Kontingent<\/strong><\/p>\n<p>Stk. 1. P\u00e5 den ordin\u00e6re generalforsamling fasts\u00e6ttes kontingent for det f\u00f8lgende hele regnskabs\u00e5r\/kalender\u00e5r. Kontingentet opkr\u00e6ves primo august m\u00e5ned og skal v\u00e6re indbetalt senest den 31. august for at give stemmeret p\u00e5 \u00e5rets ordin\u00e6re generalforsamling.<\/p>\n<p><strong>\u00a7 5 Udmeldelse<\/strong><\/p>\n<p>Stk. 1. Udmeldelse af foreningen skal ske skriftligt til bestyrelsen med mindst tre m\u00e5neders varsel til udgangen af foreningens regnskabs\u00e5r. Ved forretnings\/virksomhedsoph\u00f8r eller salg kan udmeldelsen dog ske med \u00e9n m\u00e5ned varsel til udl\u00f8bet af en m\u00e5ned. Medlemmet har ingen ret til andel i foreningens formue.<\/p>\n<p><strong>\u00a7 6 Generalforsamling<\/strong><\/p>\n<p>Stk. 1. Generalforsamlingen er den h\u00f8jeste myndighed i alle foreningens anliggender og skal afholdes en gang \u00e5rligt inden udgangen af oktober m\u00e5ned p\u00e5 et af bestyrelsen fastsat m\u00f8dested i Kommuneqarfik Sermersooq.<\/p>\n<p><strong>Stk. 2.<\/strong><\/p>\n<p>P\u00e5 generalforsamlingen foretages f\u00f8lgende dagsorden:<\/p>\n<ol>\n<li>Valg af dirigent.<\/li>\n<li>Valg af referent.<\/li>\n<li>Formand afl\u00e6gger beretning.<\/li>\n<li>Kasserer afl\u00e6gger det reviderede regnskab til godkendelse.<\/li>\n<li>Kasserer forel\u00e6gger budget for det kommende \u00e5r.<\/li>\n<li>Fasts\u00e6ttelse af kontingent for det kommende \u00e5r.<\/li>\n<li>Forslag fra bestyrelsen.<\/li>\n<li>Indkommende forslag fra medlemmerne.<\/li>\n<li>Valg af:\n<ol>\n<li>Bestyrelse<\/li>\n<li>Suppleanter til bestyrelsen<\/li>\n<li>Revisor<\/li>\n<\/ol>\n<\/li>\n<li><\/li>\n<\/ol>\n<p><strong>\u00a0<\/strong><\/p>\n<p><strong>Stk. 3.<br \/>\n<\/strong>Generalforsamlingen indkaldes med mindst 30 dages varsel ved skriftlig henvendelse. I indkaldelsen angives dagorden, herunder allerede forelagte forslag fra bestyrelse og medlemmer. Forslag til vedt\u00e6gts\u00e6ndringer afgives i fulde ordlyd.<\/p>\n<p><strong>Stk. 4.<\/strong><br \/>\nForslag, der \u00f8nskes behandlet p\u00e5 generalforsamlingen, skal v\u00e6re bestyrelsen i h\u00e6nde senest 14 dage f\u00f8r generalforsamlingen.<\/p>\n<p><strong>Stk. 5.<br \/>\n<\/strong>Stemmeberettiget er forretninger\/virksomheder eller en af ham\/hende bemyndiget person. Hvert medlemskab har \u00e9n stemme.<\/p>\n<p><strong>Stk. 6.<br \/>\n<\/strong>Vedtagelser p\u00e5 generalforsamlingen sker ved almindelig stemmeflerhed. Hvert medlem kan under generalforsamlingen afgive stemmer if\u00f8lge skriftlig fuldmagt for makimalt tre ikke repr\u00e6senterende medlemmer. Til vedt\u00e6gts\u00e6ndringer kr\u00e6ves dog, at mindst 2\/3 af medlemmerne er til stede, og af dem skal 2\/3 stemme for forslaget. Er 1\/2 af medlemmerne ikke repr\u00e6senteret ved generalforsamlingen, skal bestyrelsen efter beg\u00e6ring fra forslagsstillerne indkalde til en ny generalforsamling. Her kan forslaget vedtages med 2\/3 af afgivende stemmer, uanset antallet af repr\u00e6senterede medlemmer.<\/p>\n<p><strong>Stk. 7.<br \/>\n<\/strong>Afstemning sker mundtligt\/ved h\u00e5ndsopr\u00e6kning medmindre \u00e9t medlem frems\u00e6tter beg\u00e6ring om skriftlig afstemning.<\/p>\n<p><strong>Stk. 8.<br \/>\n<\/strong>Referatet af generalforsamlingen underskrives af dirigenten og hele bestyrelsen. Referatet eller tilsvarende information om de p\u00e5 generalforsamlingen trufne beslutninger sendes til medlemmerne senest en m\u00e5ned efter generalforsamlingen.<\/p>\n<p><strong>\u00a7 7 Ekstraordin\u00e6r generalforsamling<\/strong><\/p>\n<p>Stk. 1.<br \/>\nEkstraordin\u00e6r generalforsamling kan indkaldes med 14 dages varsel af bestyrelsen, n\u00e5r denne finder det n\u00f8dvendigt, eller n\u00e5r mindst \u00bc af medlemmerne indsender skriftlig beg\u00e6ring herom til formanden. Eventuelle vedt\u00e6gts\u00e6ndringer, som behandles herunder, kan vedtages med almindelig stemmeflerhed. Skriftlig afstemning kan beg\u00e6res af blot \u00e9t medlem.<\/p>\n<p>\u00a7 8 Bestyrelsen<\/p>\n<p>Stk. 1. Foreningen ledes af en bestyrelse p\u00e5 4-7 valgte medlemmer og 2 suppleanter.<\/p>\n<p>Stk. 2.<br \/>\nBestyrelsen konstituerer sig selv med formand, n\u00e6stformand, kasserer, sekret\u00e6r og bestyrelses-medlemmer p\u00e5 f\u00f8rstkommende bestyrelsesm\u00f8de efter generalforsamlingen. Bestyrelsen fasts\u00e6tter selv en forretningsorden samt antal af bestyrelsesm\u00f8der.<\/p>\n<p><strong>Stk. 3.<br \/>\n<\/strong>Beslutninger i bestyrelsen tr\u00e6ffes ved almindelig stemmeflerhed. I tilf\u00e6lde af stemmelighed er formandens stemme udslagsgivende.<\/p>\n<p><strong>Stk. 4.<br \/>\n<\/strong>Bestyrelsen tr\u00e6ffer beslutning om foreningens repr\u00e6sentation i udvalg, r\u00e5d, n\u00e6vn o.lign.<\/p>\n<p><strong>Stk. 5. <\/strong>Bestyrelsen funktionsperiode er 2 \u00e5r, dog s\u00e5ledes at der foretages nyvalg af 2-3 personer i lige \u00e5r og 2-4 personer i ulige \u00e5r.<\/p>\n<p><strong>Stk. 6.<br \/>\n<\/strong>S\u00e5fremt en repr\u00e6sentant for et medlemsfirma er valgt som medlem af bestyrelsen, af udvalg, r\u00e5d, n\u00e6vn o.lign. bortfalder mandatet ved ans\u00e6ttelsesforholdets oph\u00f8r, s\u00e5fremt repr\u00e6sentanten rejser fra Nuuk Kommune. Ligesom mandatet bortfalder, s\u00e5fremt den valgte afh\u00e6nder sit personligt ejede forretning\/selskab. Bestyrelsen kan dog beslutte at forl\u00e6nge mandatet indtil f\u00f8rstkommende generalforsamling. Forl\u00e6nges mandatet ikke, varetages opgaverne af de \u00f8vrige af bestyrelsens medlemmer<\/p>\n<p><strong>Stk. 7.<br \/>\n<\/strong>S\u00e5fremt en suppleant indtr\u00e6der i bestyrelsen, er denne p\u00e5 valg ved n\u00e6ste generalforsamling. Suppleanter v\u00e6lges for \u00e9t \u00e5r ad gangen.<\/p>\n<p><strong>Stk. 8.<br \/>\n<\/strong>Bestyrelsen tegnes af formanden og et bestyrelsesmedlem i forening.<\/p>\n<p><strong>Stk. 9.<br \/>\n<\/strong>Kasserer kan egenh\u00e6ndigt udstede checks til d\u00e6kning af forenings daglige drift. Regninger attesteres inden udbetaling af formand eller n\u00e6stformand.<strong><br \/>\n<\/strong><br \/>\n<strong>\u00a7 9 Regnskab<\/strong><\/p>\n<p><strong>Stk. 1.<\/strong><br \/>\nKasserer foreligger det af revisor reviderede regnskab p\u00e5 den \u00e5rlige generalforsamling. Foreningens regnskabs\u00e5r er fra den 01.08 \u2013 31.07. Regnskabet skal medf\u00f8lge indkaldelsen til generalforsamlingen.<\/p>\n<p><strong>\u00a7 10 Foreningens opl\u00f8sning<\/strong><\/p>\n<p>Stk. 1.<br \/>\nForeningen kan kun opl\u00f8ses p\u00e5 en i den anledning indvarslet generalforsamling, hvis 2\/3 af samtlige medlemmer stemmer herfor. Er generalforsamlingen ikke beslutningsdygtig, indkaldes en ny generalforsamling inden 14 dage, og p\u00e5 denne kan en gyldig beslutning tages af 2\/3 af de fremm\u00f8dte medlemmer S\u00e5fremt foreningen opl\u00f8ses, overg\u00e5r dens midler til en lignende forening, s\u00e5fremt en s\u00e5dan m\u00e5tte blive etableret, eller til velg\u00f8rende form\u00e5l i Nuuk Kommune.<\/p>\n<p><strong>\u00a7 11 Eksklusion<\/strong><\/p>\n<p>Stk.1.<br \/>\nBestyrelsen kan tr\u00e6ffe beslutning om eksklusion i tilf\u00e6lde af et medlem kontingentrestance p\u00e5 6 m\u00e5neder.<\/p>\n<p><strong>Stk. 2.<br \/>\n<\/strong>Medlemmer, der modarbejder foreningen eller viser sig uv\u00e6rdige til at v\u00e6re medlem, kan af bestyrelsen forsl\u00e5s ekskluderet p\u00e5 den f\u00f8rstkommende generalforsamling.Eksklusionen kan kun finde sted, n\u00e5r 2\/3 af de fremm\u00f8dte stemmer herfor. Afstemningen skal v\u00e6re skriftlig.<\/p>\n<p><strong>\u00a7 12 Bestyrelsens bef\u00f8jelser<\/strong><\/p>\n<p>Stk. 1. Hvor vedt\u00e6gterne intet foreskriver, handler bestyrelsen i foreningens interesser og under ansvar overfor generalforsamlingen, som er foreningens \u00f8verste myndighed.<br \/>\n<strong><br \/>\n\u00a7 13<\/strong><\/p>\n<p>Stk. 1.<br \/>\nDet p\u00e5hviler ikke foreningens medlemmer nogen personlig h\u00e6ftelse for de foreningen p\u00e5hvilende forpligtelser.<\/p>\n<p><strong>\u00a0<\/strong><\/p>\n<ul>\n<li><strong><strong> 14<\/strong><\/strong>Stk. 1.S\u00e5ledes vedtaget p\u00e5 foreningens stiftende generalforsamling den 14. juli 1993 og endelig vedtaget p\u00e5 den ordin\u00e6re generalforsamling den 23. marts 1994, \u00e6ndret p\u00e5 den ordin\u00e6re generalforsamling den 21\/10 1997, \u00e6ndret p\u00e5 den ekstraordin\u00e6re generalforsamling den 24.01.2002 og senest \u00e6ndret p\u00e5 den ordin\u00e6re generalforsamling den 24. oktober 2012.<\/li>\n<\/ul>\n","protected":false},"excerpt":{"rendered":"<p>1 Navn og hjemsted Stk. 1 Foreningens navn er NUUK HANDELSSTANDSFORENING. Foreningens hjemsted er Kommuneqarfik Sermersooq, Gr\u00f8nland. &nbsp; 2 Form\u00e5l Stk. 1. Foreningens form\u00e5l er at styrke alle handlende\/virksomheder i Kommuneqarfik Sermersooq samt at varetage alle deres f\u00e6lles interesser. Inden for foreningens form\u00e5l falder i s\u00e6rlig grad varetagelsen af medlemmernes interesser og forhold til: \u00b7 [&hellip;]<\/p>\n","protected":false},"author":1,"featured_media":0,"parent":111,"menu_order":2,"comment_status":"closed","ping_status":"closed","template":"","meta":{"footnotes":""},"class_list":["post-10","page","type-page","status-publish","hentry"],"_links":{"self":[{"href":"https:\/\/www.nhf.gl\/index.php?rest_route=\/wp\/v2\/pages\/10","targetHints":{"allow":["GET"]}}],"collection":[{"href":"https:\/\/www.nhf.gl\/index.php?rest_route=\/wp\/v2\/pages"}],"about":[{"href":"https:\/\/www.nhf.gl\/index.php?rest_route=\/wp\/v2\/types\/page"}],"author":[{"embeddable":true,"href":"https:\/\/www.nhf.gl\/index.php?rest_route=\/wp\/v2\/users\/1"}],"replies":[{"embeddable":true,"href":"https:\/\/www.nhf.gl\/index.php?rest_route=%2Fwp%2Fv2%2Fcomments&post=10"}],"version-history":[{"count":7,"href":"https:\/\/www.nhf.gl\/index.php?rest_route=\/wp\/v2\/pages\/10\/revisions"}],"predecessor-version":[{"id":153,"href":"https:\/\/www.nhf.gl\/index.php?rest_route=\/wp\/v2\/pages\/10\/revisions\/153"}],"up":[{"embeddable":true,"href":"https:\/\/www.nhf.gl\/index.php?rest_route=\/wp\/v2\/pages\/111"}],"wp:attachment":[{"href":"https:\/\/www.nhf.gl\/index.php?rest_route=%2Fwp%2Fv2%2Fmedia&parent=10"}],"curies":[{"name":"wp","href":"https:\/\/api.w.org\/{rel}","templated":true}]}}