{"id":115,"date":"2015-09-27T21:36:10","date_gmt":"2015-09-27T21:36:10","guid":{"rendered":"http:\/\/www.nhf.gl\/?page_id=115"},"modified":"2021-02-19T15:30:59","modified_gmt":"2021-02-19T15:30:59","slug":"medlemskab","status":"publish","type":"page","link":"https:\/\/www.nhf.gl\/?page_id=115","title":{"rendered":"Medlemskab"},"content":{"rendered":"<p>&nbsp;<\/p>\n<p>Medlemskab kan tegnes af enkeltmandsfirma, I\/S, ApS eller A\/S.<\/p>\n<p>Kontakt foreningen for medlemskab.<\/p>\n<p><img loading=\"lazy\" decoding=\"async\" class=\"alignnone wp-image-147\" src=\"http:\/\/www.nhf.gl\/wp-content\/uploads\/2015\/09\/handelsstand4F_1.jpg\" alt=\"handelsstand4F_1\" width=\"171\" height=\"184\" \/><\/p>\n<p>&nbsp;<\/p>\n<p>V\u00e6r med til at skabe v\u00e6kst og st\u00f8t arbejdet med at skabe mere handel lokalt.<\/p>\n<p>Kom og v\u00e6re medlem af Nuuk Handelsstandsforening.<\/p>\n","protected":false},"excerpt":{"rendered":"<p>&nbsp; Medlemskab kan tegnes af enkeltmandsfirma, I\/S, ApS eller A\/S. Kontakt foreningen for medlemskab. &nbsp; V\u00e6r med til at skabe v\u00e6kst og st\u00f8t arbejdet med at skabe mere handel lokalt. Kom og v\u00e6re medlem af Nuuk Handelsstandsforening.<\/p>\n","protected":false},"author":1,"featured_media":0,"parent":111,"menu_order":3,"comment_status":"closed","ping_status":"closed","template":"","meta":{"footnotes":""},"class_list":["post-115","page","type-page","status-publish","hentry"],"_links":{"self":[{"href":"https:\/\/www.nhf.gl\/index.php?rest_route=\/wp\/v2\/pages\/115","targetHints":{"allow":["GET"]}}],"collection":[{"href":"https:\/\/www.nhf.gl\/index.php?rest_route=\/wp\/v2\/pages"}],"about":[{"href":"https:\/\/www.nhf.gl\/index.php?rest_route=\/wp\/v2\/types\/page"}],"author":[{"embeddable":true,"href":"https:\/\/www.nhf.gl\/index.php?rest_route=\/wp\/v2\/users\/1"}],"replies":[{"embeddable":true,"href":"https:\/\/www.nhf.gl\/index.php?rest_route=%2Fwp%2Fv2%2Fcomments&post=115"}],"version-history":[{"count":3,"href":"https:\/\/www.nhf.gl\/index.php?rest_route=\/wp\/v2\/pages\/115\/revisions"}],"predecessor-version":[{"id":208,"href":"https:\/\/www.nhf.gl\/index.php?rest_route=\/wp\/v2\/pages\/115\/revisions\/208"}],"up":[{"embeddable":true,"href":"https:\/\/www.nhf.gl\/index.php?rest_route=\/wp\/v2\/pages\/111"}],"wp:attachment":[{"href":"https:\/\/www.nhf.gl\/index.php?rest_route=%2Fwp%2Fv2%2Fmedia&parent=115"}],"curies":[{"name":"wp","href":"https:\/\/api.w.org\/{rel}","templated":true}]}}