{"id":2,"date":"2012-11-20T16:02:04","date_gmt":"2012-11-20T16:02:04","guid":{"rendered":"http:\/\/www.nhf.gl\/?page_id=2"},"modified":"2023-07-20T17:17:34","modified_gmt":"2023-07-20T17:17:34","slug":"sample-page","status":"publish","type":"page","link":"https:\/\/www.nhf.gl\/","title":{"rendered":"Forside"},"content":{"rendered":"<p style=\"text-align: left;\"><strong>Velkommen til\u00a0 Nuuk Handelsstandsforenings hjemmeside &#8211; vi st\u00e5r bl.a. for at:<\/strong><\/p>\n<ul style=\"text-align: left;\">\n<li><strong>Varetage medlemmernes interesser.<\/strong><\/li>\n<li><strong>\u00a0Kontakt til offentlige myndigheder.<\/strong><\/li>\n<li><strong>Arbejder for samarbejde mellem turisme, kultur og handel for at opn\u00e5 synergieffekt og st\u00f8rre oms\u00e6tning og v\u00e6kst.<\/strong><\/li>\n<li><strong>Bidrage til markedsf\u00f8ring via lokale aviser og reklameblade samt andre medier.<\/strong><\/li>\n<\/ul>\n<p style=\"text-align: left;\">St\u00f8t din lokale virksomhed og f\u00f8lg os p\u00e5 vores facebook for mere:\u00a0<a href=\"https:\/\/www.facebook.com\/profile.php?id=100094272632469\" target=\"_blank\" rel=\"noopener\"><img loading=\"lazy\" decoding=\"async\" class=\"alignnone wp-image-187\" src=\"http:\/\/www.nhf.gl\/wp-content\/uploads\/2012\/11\/facebook-logo-150x150.jpg\" alt=\"facebook-logo\" width=\"42\" height=\"39\" \/><\/a><\/p>\n","protected":false},"excerpt":{"rendered":"<p>Velkommen til\u00a0 Nuuk Handelsstandsforenings hjemmeside &#8211; vi st\u00e5r bl.a. for at: Varetage medlemmernes interesser. \u00a0Kontakt til offentlige myndigheder. Arbejder for samarbejde mellem turisme, kultur og handel for at opn\u00e5 synergieffekt og st\u00f8rre oms\u00e6tning og v\u00e6kst. Bidrage til markedsf\u00f8ring via lokale aviser og reklameblade samt andre medier. St\u00f8t din lokale virksomhed og f\u00f8lg os p\u00e5 vores [&hellip;]<\/p>\n","protected":false},"author":1,"featured_media":403,"parent":0,"menu_order":0,"comment_status":"closed","ping_status":"closed","template":"","meta":{"footnotes":""},"class_list":["post-2","page","type-page","status-publish","has-post-thumbnail","hentry"],"_links":{"self":[{"href":"https:\/\/www.nhf.gl\/index.php?rest_route=\/wp\/v2\/pages\/2","targetHints":{"allow":["GET"]}}],"collection":[{"href":"https:\/\/www.nhf.gl\/index.php?rest_route=\/wp\/v2\/pages"}],"about":[{"href":"https:\/\/www.nhf.gl\/index.php?rest_route=\/wp\/v2\/types\/page"}],"author":[{"embeddable":true,"href":"https:\/\/www.nhf.gl\/index.php?rest_route=\/wp\/v2\/users\/1"}],"replies":[{"embeddable":true,"href":"https:\/\/www.nhf.gl\/index.php?rest_route=%2Fwp%2Fv2%2Fcomments&post=2"}],"version-history":[{"count":21,"href":"https:\/\/www.nhf.gl\/index.php?rest_route=\/wp\/v2\/pages\/2\/revisions"}],"predecessor-version":[{"id":402,"href":"https:\/\/www.nhf.gl\/index.php?rest_route=\/wp\/v2\/pages\/2\/revisions\/402"}],"wp:featuredmedia":[{"embeddable":true,"href":"https:\/\/www.nhf.gl\/index.php?rest_route=\/wp\/v2\/media\/403"}],"wp:attachment":[{"href":"https:\/\/www.nhf.gl\/index.php?rest_route=%2Fwp%2Fv2%2Fmedia&parent=2"}],"curies":[{"name":"wp","href":"https:\/\/api.w.org\/{rel}","templated":true}]}}